-6*h + 144. Suppose -90 = -4*g + 3*q, h = 2*g - 5*q - 14. List the prime factors of g.
2, 3
Let b(i) = -4*i - 24. Let m be b(-7). Let a(f) = -f**2 - 4*f + 2. Let p be a(-4). Let g = m - p. What are the prime factors of g?
2
Suppose -5*x = -4*l + 332, -5*l - x + 415 = -3*x. List the prime factors of l.
83
Let r(a) = a - 3. Let l be r(-4). List the prime factors of (l - -18) + (-2)/2.
2, 5
Let h = 3 - 1. Suppose h*n + 84 - 16 = 0. List the prime factors of 1/(-3 + n/(-11)).
11
What are the prime factors of 58/6 + 8/(-12)?
3
Let j(k) = -14*k - 25. List the prime factors of j(-7).
73
List the prime factors of (123/(-6))/((-6)/12).
41
Let l(g) = -2*g**2 + 6 + g**2 + 3*g - g. Let m be l(5). Let w = -5 - m. What are the prime factors of w?
2
Suppose s - 38 = 20. List the prime factors of s.
2, 29
Let o = -224 + 133. Let l = -42 - o. Suppose 2*g - 46 = -3*d, -l = -2*d - 2*g - 3*g. List the prime factors of d.
2, 3
Let z = -3 - -7. Suppose -h + 3*h - z = 0. Suppose 6*j + 3*k - 36 = j, -h*j + 4 = -4*k. What are the prime factors of j?
2, 3
Let u(x) = -x**2 + x + 3. Let r be u(0). Suppose -3*f = -r*l - 39, -6 + 18 = f - 2*l. What are the prime factors of f?
2, 7
Suppose 2*m + 476 = 6*m - 4*s, 2*m - 236 = 4*s. List the prime factors of m.
2, 3, 5
List the prime factors of 2/(-6) - (-100)/12.
2
Suppose 3*v + 3*x + 0*x = 84, -5*v - 3*x = -142. What are the prime factors of v?
29
Suppose -i - 6*p + 25 = -2*p, 2*p = 2*i. Suppose 3*k - 4 = i*k, 2*k - 20 = -3*s. List the prime factors of s.
2
Let p be ((-10)/(-6))/(4/(-36)). Let g = p - -34. What are the prime factors of g?
19
Suppose -6*j = -4*j. Suppose 4*d - 43 = d + 4*a, j = 3*a - 6. What are the prime factors of d?
17
List the prime factors of (-150)/(-9)*504/40.
2, 3, 5, 7
Let w be 33/22*2/(-1). List the prime factors of 695/15 - (-1)/w.
2, 23
Let a = -54 + 190. List the prime factors of a.
2, 17
Suppose -g + 0*g = 2*i - 27, -21 = -g - 5*i. What are the prime factors of g?
31
Let f be 43/9 + (-2)/(-9). Let u = f - 2. Suppose 12 + 0 = u*k. What are the prime factors of k?
2
Let z(j) = j**3 + 3*j**2 + j. Suppose y + 4 = -y. What are the prime factors of z(y)?
2
Suppose 12*h - 7*h - 360 = 0. What are the prime factors of h?
2, 3
Suppose 5*k + 6 = -3*h - 23, -5*h - k = 41. Let n = h - -10. List the prime factors of n.
2
Suppose 3*p + 7 = -3*o + 4, -3*o + 29 = -5*p. Suppose -5*q - 3*m = 2, 12 = -o*q - q - 5*m. What are the prime factors of -8*(15/q)/(-5)?
2, 3
Let l(g) = -g**3 - 8*g**2 - 10*g - 2. Let x be l(-7). Suppose -9 = -2*p + x. List the prime factors of p.
2, 7
Let t(h) = -h**2 - h + 6. Let o be t(3). List the prime factors of 4/o*(-312)/16.
13
Let j(f) = f**2 + 11*f - 3. Let u(v) = -v**2 - v**2 - 1 + 3 + 0*v - 12*v. Let i(q) = 3*j(q) + 2*u(q). List the prime factors of i(6).
13
Let h(i) = 11*i**3 + 9*i**2 + 5*i - 3. Let t(x) = 6*x**3 + 5*x**2 + 3*x - 2. Let n(c) = -4*h(c) + 7*t(c). What are the prime factors of n(-2)?
2
Suppose -o = -3*f + 22, 0 = f - 0*f + 5*o + 14. Let g be (4/(-5))/(f/75). Let j = -7 - g. List the prime factors of j.
3
Let i(z) = -z + 1. Let g be i(-3). Suppose 5*b + 1 + 4 = 2*d, -d = 4*b + 4. What are the prime factors of -1 + -1 + (g - b)?
3
Let y = -79 + 136. What are the prime factors of y?
3, 19
Let p(r) = 2*r - 5. List the prime factors of p(4).
3
Let k(r) = r**3 + 18*r**2 + 23*r + 34. List the prime factors of k(-16).
2, 89
Suppose 1 = -3*v - r + 48, r = 2*v - 33. List the prime factors of v.
2
Let u = 182 + -110. Suppose 5*n - 38 = -0*d - d, 4*n - u = -4*d. Let t = d - 9. List the prime factors of t.
2
Let o(m) = m**3 + 7*m**2 + 8*m - 2. Suppose 0 = -d - d - 8. List the prime factors of o(d).
2, 7
Suppose 22 = -0*q + q - f, -4*q - 2*f = -106. What are the prime factors of q?
5
List the prime factors of 172 - -1 - (-8)/(-5 + 1).
3, 19
Suppose j - 102 = -5*g, -5*j + 606 - 72 = g. List the prime factors of j.
107
What are the prime factors of (2/(-4))/(-1 - 843/(-846))?
3, 47
Let p = -2 - -2. Let g = 3 + p. What are the prime factors of 2*(-6)/(-9)*g?
2
Suppose -t - 9 + 38 = 0. What are the prime factors of t?
29
Let y(q) = q - 1. Let m be y(3). Suppose 22 = u - 5*d, -m*d - 2*d = 3*u - 9. Let x = u - 5. List the prime factors of x.
2
Let n be 12 - (2 + 6/(-3)). Let t = n + -26. List the prime factors of (t - 4)/(-1*1).
2, 3
Let g = 6 + -8. Let j = 7 + g. What are the prime factors of j?
5
Suppose -4*a - 35 = -4*q + 25, 4*q + 3*a - 67 = 0. What are the prime factors of q?
2
Suppose 0 = 4*s - 20, 0*y - 4*s = -y - 17. What are the prime factors of 0 + 10 - (y - 1)?
2
Suppose o - 4 = 2*o. Let q = -4 + o. Let t = q - -20. What are the prime factors of t?
2, 3
Let j(z) = -z**3 - 10*z**2 + 10*z - 11. Let i be j(-11). Suppose i = 3*r + 26 + 40. Let x = -13 - r. List the prime factors of x.
3
Let j(r) = 14*r**2 + 5. What are the prime factors of j(-3)?
131
Suppose 0 = 2*y - 0*y - 14. Suppose y*t - 2*t = 45. What are the prime factors of t?
3
List the prime factors of (-11 + 3)/(1/((-6)/4)).
2, 3
Suppose l = -l - 4. Suppose -20 = -0*b + 2*b. Let k = l - b. List the prime factors of k.
2
Let k = 92 - 78. What are the prime factors of k?
2, 7
Let q be (-134)/(-10) + 2/(-5). Suppose 2 - q = -5*z + u, u = -z + 1. Suppose -z*r = -0*r - 26. List the prime factors of r.
13
Let c(l) = -l + 6. Let w be c(5). Let x(d) = -2 - d - 6*d + 4 - d**2 - w. List the prime factors of x(-4).
13
Suppose -2*h - 21 = -5*h. Let p = 3 + h. List the prime factors of p - 10 - 12/(-1).
2, 3
Let h = 0 + -4. Let z(a) = a**3 + 4*a**2 - 2*a - 6. Let y be z(h). Suppose -5*m = -0*q - 5*q + 30, -y*m - 36 = -5*q. List the prime factors of q.
2
Suppose -4*d = -3*d + 37. Let g = 75 + d. What are the prime factors of g?
2, 19
Let s be 3*(2 + (-3)/3). Suppose -6 = -s*m, -2*u = 5*m - 37 - 17. List the prime factors of u.
2, 11
Let a(v) = v**2 - 4*v - 3. What are the prime factors of a(-7)?
2, 37
Let s be 24/(-2)*3/(-9). Suppose -14 = -3*i + s. Let w = -3 + i. List the prime factors of w.
3
Suppose -29 - 3 = -2*o. Suppose -3*v = -5*p + v + 254, -o = -4*v. List the prime factors of p.
2, 3
Let m(f) be the second derivative of f**6/360 + 7*f**5/120 - f**4/6 + f. Let n(r) be the third derivative of m(r). What are the prime factors of n(5)?
17
Let i(c) = -7 - 2*c - c - c**3 - 7*c**2 - c + 0. What are the prime factors of i(-7)?
3, 7
Let f(r) = r**2 - 7*r - 5. Let c be f(6). Let z = 23 + c. What are the prime factors of z?
2, 3
Let y(s) = -s**2 - 7*s - 8. Let i be y(-6). Let a be i/(-9) - (-266)/18. Suppose u + 4*u = a. What are the prime factors of u?
3
What are the prime factors of 1/(4*(-1)/(-260))?
5, 13
Suppose -5*l + 89 = 2*s, 0*l = l - 3. Let t = s - 25. List the prime factors of t.
2, 3
Suppose -2*v - 1830 = -5*t - 7*v, -2 = -2*v. List the prime factors of t.
5, 73
Suppose -15 = -s - 2*s - 3*k, -k - 1 = -s. Suppose 2*i = i + 3. Suppose -i = s*z - 15. What are the prime factors of z?
2
Let a = -6 - -10. Suppose -2*r - a*g + 20 = 4, 3*g + 54 = 4*r. What are the prime factors of r?
2, 3
Let w(l) = l**3 + l**2 - 2. Let k be w(-2). Let p be (-3)/(k/8) - -2. What are the prime factors of 1 + -3 - (-42)/p?
5
Let j = 9 - 6. Suppose 4*h = -r - 6, -5*r + j*h + 80 = h. What are the prime factors of r?
2, 7
Let a = 163 - 83. What are the prime factors of a?
2, 5
Let w be (-4)/(-3) + 18/27. Suppose -w*a + 5 = -47. List the prime factors of a.
2, 13
Let l(x) = -x**3 + 7*x**2 - 5*x + 5. What are the prime factors of l(6)?
11
List the prime factors of 7020/20 + 4 + 1.
2, 89
Let b(l) = -l**3 + 8*l**2 - 4*l - 3. Let v be b(7). Suppose 4*r - v = 3*r. What are the prime factors of r?
2, 3
Let o be (-5)/6 - 2/12. Let x = o - -1. Suppose 2*v - 3 - 7 = x. What are the prime factors of v?
5
Let w be -1 + -3*40/(-12). Let j(y) = 6*y - 2. What are the prime factors of j(w)?
2, 13
Let t = -7 + 6. Let v be 53 - 6/(t + -2). Suppose 5*j - v = -5*w, j + 3*j = 5*w + 71. What are the prime factors of j?
2, 7
Suppose 3*l - 2*n + 9 = -5*n, 3 = -l - 2*n. List the prime factors of l - -1 - 30/(-2).
13
What are the prime factors of (-6)/(-1)*(-29)/(-6)?
29
Suppose 3*n - 15 = c - 4*c, 0 = -2*c - n + 9. Let f = 1 - c. Let k = f + 7. What are the prime factors of k?
2
Let b(d) = 23*d**2 - 3*d + 5. What are the prime factors of b(-3)?
13, 17
Let c(q) = 330*q**2 